emainder when 374 is divided by 82.
46
What is the remainder when 158 is divided by 7?
4
What is the remainder when 1443 is divided by 720?
3
What is the remainder when 35 is divided by 5?
0
Calculate the remainder when 122 is divided by 38.
8
What is the remainder when 2879 is divided by 194?
163
What is the remainder when 172 is divided by 36?
28
What is the remainder when 809 is divided by 568?
241
What is the remainder when 2445 is divided by 1215?
15
Calculate the remainder when 389 is divided by 10.
9
Calculate the remainder when 1082 is divided by 160.
122
What is the remainder when 91 is divided by 50?
41
Calculate the remainder when 187 is divided by 17.
0
Calculate the remainder when 36 is divided by 22.
14
What is the remainder when 241 is divided by 43?
26
Calculate the remainder when 2880 is divided by 28.
24
What is the remainder when 61 is divided by 28?
5
Calculate the remainder when 419 is divided by 28.
27
What is the remainder when 569 is divided by 44?
41
What is the remainder when 222 is divided by 106?
10
What is the remainder when 2246 is divided by 21?
20
What is the remainder when 210 is divided by 88?
34
Calculate the remainder when 20459 is divided by 124.
123
What is the remainder when 9311 is divided by 32?
31
Calculate the remainder when 1855 is divided by 27.
19
What is the remainder when 309 is divided by 5?
4
What is the remainder when 606 is divided by 203?
200
What is the remainder when 1849 is divided by 12?
1
What is the remainder when 2232 is divided by 77?
76
What is the remainder when 3668 is divided by 35?
28
Calculate the remainder when 1011 is divided by 46.
45
What is the remainder when 58 is divided by 15?
13
What is the remainder when 4112 is divided by 373?
9
Calculate the remainder when 803 is divided by 134.
133
What is the remainder when 600 is divided by 43?
41
What is the remainder when 139 is divided by 12?
7
Calculate the remainder when 339 is divided by 142.
55
Calculate the remainder when 343 is divided by 70.
63
Calculate the remainder when 3137 is divided by 43.
41
Calculate the remainder when 42 is divided by 38.
4
Calculate the remainder when 309 is divided by 135.
39
Calculate the remainder when 65 is divided by 17.
14
What is the remainder when 6609 is divided by 135?
129
What is the remainder when 60418 is divided by 114?
112
Calculate the remainder when 2534 is divided by 43.
40
Calculate the remainder when 6344 is divided by 45.
44
What is the remainder when 259 is divided by 26?
25
Calculate the remainder when 212 is divided by 70.
2
What is the remainder when 109 is divided by 37?
35
Calculate the remainder when 2571 is divided by 9.
6
What is the remainder when 778 is divided by 11?
8
Calculate the remainder when 2066 is divided by 53.
52
Calculate the remainder when 2623 is divided by 202.
199
Calculate the remainder when 471 is divided by 20.
11
What is the remainder when 676 is divided by 53?
40
What is the remainder when 5298 is divided by 880?
18
Calculate the remainder when 55 is divided by 7.
6
What is the remainder when 147 is divided by 30?
27
What is the remainder when 2756 is divided by 20?
16
What is the remainder when 274 is divided by 57?
46
Calculate the remainder when 3322 is divided by 370.
362
Calculate the remainder when 186 is divided by 17.
16
What is the remainder when 509 is divided by 27?
23
Calculate the remainder when 257 is divided by 37.
35
Calculate the remainder when 1151 is divided by 36.
35
What is the remainder when 91 is divided by 31?
29
What is the remainder when 29 is divided by 12?
5
Calculate the remainder when 3839 is divided by 21.
17
What is the remainder when 3102 is divided by 15?
12
What is the remainder when 6693 is divided by 5?
3
What is the remainder when 169 is divided by 46?
31
What is the remainder when 219 is divided by 19?
10
What is the remainder when 105 is divided by 5?
0
Calculate the remainder when 98 is divided by 88.
10
What is the remainder when 2965 is divided by 987?
4
Calculate the remainder when 598 is divided by 14.
10
What is the remainder when 2847 is divided by 11?
9
Calculate the remainder when 313 is divided by 36.
25
What is the remainder when 180 is divided by 31?
25
Calculate the remainder when 1898 is divided by 190.
188
What is the remainder when 127 is divided by 120?
7
What is the remainder when 638 is divided by 215?
208
What is the remainder when 852 is divided by 72?
60
Calculate the remainder when 46 is divided by 34.
12
What is the remainder when 141 is divided by 21?
15
Calculate the remainder when 1086 is divided by 68.
66
What is the remainder when 37 is divided by 22?
15
What is the remainder when 1307 is divided by 12?
11
Calculate the remainder when 882 is divided by 394.
94
Calculate the remainder when 745 is divided by 75.
70
Calculate the remainder when 237 is divided by 35.
27
Calculate the remainder when 824 is divided by 175.
124
What is the remainder when 140 is divided by 131?
9
Calculate the remainder when 257 is divided by 94.
69
What is the remainder when 86 is divided by 22?
20
What is the remainder when 16187 is divided by 76?
75
Calculate the remainder when 100 is divided by 34.
32
What is the remainder when 210 is divided by 45?
30
Calculate the remainder when 85 is divided by 25.
10
Calculate the remainder when 11439 is divided by 26.
25
Calculate the remainder when 1438 is divided by 32.
30
What is the remainder when 24501 is divided by 19?
10
What is the remainder when 921 is divided by 28?
25
What is the remainder when 1454 is divided by 91?
89
What is the remainder when 53 is divided by 27?
26
Calculate the remainder when 150 is divided by 80.
70
Calculate the remainder when 498 is divided by 58.
34
Calculate the remainder when 167 is divided by 25.
17
What is the remainder when 594 is divided by 26?
22
What is the remainder when 516 is divided by 56?
12
What is the remainder when 76 is divided by 21?
13
Calculate the remainder when 114 is divided by 5.
4
Calculate the remainder when 109 is divided by 52.
5
Calculate the remainder when 525 is divided by 59.
53
What is the remainder when 1491 is divided by 223?
153
Calculate the remainder when 258 is divided by 47.
23
Calculate the remainder when 542 is divided by 108.
2
Calculate the remainder when 1065 is divided by 58.
21
Calculate the remainder when 10518 is divided by 167.
164
What is the remainder when 102 is divided by 23?
10
Calculate the remainder when 35 is divided by 13.
9
What is the remainder when 366 is divided by 36?
6
What is the remainder when 608 is divided by 36?
32
Calculate the remainder when 203 is divided by 15.
8
What is the remainder when 6366 is divided by 13?
9
What is the remainder when 277 is divided by 35?
32
Calculate the remainder when 104 is divided by 20.
4
What is the remainder when 328 is divided by 64?
8
What is the remainder when 211 is divided by 45?
31
What is the remainder when 2983 is divided by 8?
7
What is the remainder when 1065 is divided by 89?
86
Calculate the remainder when 39 is divided by 12.
3
What is the remainder when 70 is divided by 2?
0
What is the remainder when 184 is divided by 10?
4
Calculate the remainder when 3766 is divided by 111.
103
What is the remainder when 723 is divided by 197?
132
What is the remainder when 59 is divided by 23?
13
Calculate the remainder when 1532 is divided by 275.
157
Calculate the remainder when 78 is divided by 52.
26
What is the remainder when 126 is divided by 44?
38
What is the remainder when 713 is divided by 19?
10
What is the remainder when 250 is divided by 48?
10
Calculate the remainder when 583 is divided by 44.
11
What is the remainder when 373 is divided by 359?
14
Calculate the remainder when 331 is divided by 83.
82
What is the remainder when 1588 is divided by 106?
104
What is the remainder when 296 is divided by 43?
38
Calculate the remainder when 48 is divided by 18.
12
Calculate the remainder when 604 is divided by 76.
72
What is the remainder when 197 is divided by 102?
95
Calculate the remainder when 30 is divided by 19.
11
What is the remainder when 298 is divided by 13?
12
What is the remainder when 373 is divided by 11?
10
Calculate the remainder when 937 is divided by 929.
8
What is the remainder when